{"id":1017,"date":"2025-03-10T15:16:30","date_gmt":"2025-03-10T14:16:30","guid":{"rendered":"https:\/\/www.lessurvivants.org\/soignant\/?page_id=1017"},"modified":"2025-10-29T14:30:21","modified_gmt":"2025-10-29T13:30:21","slug":"soignant-pourquoi","status":"publish","type":"page","link":"https:\/\/www.lessurvivants.org\/soignant\/soignant-pourquoi\/","title":{"rendered":"Soignant pourquoi ?"},"content":{"rendered":"\t\t<div data-elementor-type=\"wp-page\" data-elementor-id=\"1017\" class=\"elementor elementor-1017\" data-elementor-post-type=\"page\">\n\t\t\t\t<div data-particle_enable=\"false\" data-particle-mobile-disabled=\"false\" class=\"elementor-element elementor-element-1e438e3 e-flex e-con-boxed e-con e-parent\" data-id=\"1e438e3\" data-element_type=\"container\" data-settings=\"{&quot;jet_parallax_layout_list&quot;:[]}\">\n\t\t\t\t\t<div class=\"e-con-inner\">\n\t\t\t\t<div class=\"elementor-element elementor-element-caf570a elementor-widget elementor-widget-heading\" data-id=\"caf570a\" data-element_type=\"widget\" data-widget_type=\"heading.default\">\n\t\t\t\t<div class=\"elementor-widget-container\">\n\t\t\t\t\t<h1 class=\"elementor-heading-title elementor-size-default\">Soignant, pourquoi ? Comprendre l\u2019engagement et la vocation des soignants<\/h1>\t\t\t\t<\/div>\n\t\t\t\t<\/div>\n\t\t\t\t<div class=\"elementor-element elementor-element-efc0943 elementor-widget elementor-widget-text-editor\" data-id=\"efc0943\" data-element_type=\"widget\" data-widget_type=\"text-editor.default\">\n\t\t\t\t<div class=\"elementor-widget-container\">\n\t\t\t\t\t\t\t\t\t<p data-start=\"878\" data-end=\"1557\">Pourquoi devient-on <strong data-start=\"1392\" data-end=\"1404\">soignant<\/strong> ? Qu\u2019est-ce qui pousse une personne \u00e0 se tourner vers l\u2019autre, \u00e0 <strong data-start=\"1470\" data-end=\"1496\">soulager la souffrance<\/strong>, \u00e0 <strong data-start=\"1500\" data-end=\"1520\">pr\u00e9server la vie<\/strong>, parfois m\u00eame \u00e0 accompagner la mort ?<br data-start=\"1558\" data-end=\"1561\" \/>L\u2019<strong data-start=\"1563\" data-end=\"1591\">engagement des soignants<\/strong> repose avant tout sur une vocation : celle d\u2019aider, de servir, d\u2019aimer l\u2019humain. \u00catre <strong data-start=\"1678\" data-end=\"1703\">soignant par vocation<\/strong>, c\u2019est faire le choix de la rencontre, du lien, du don de soi \u2014 m\u00eame dans les moments les plus difficiles.<\/p>\t\t\t\t\t\t\t\t<\/div>\n\t\t\t\t<\/div>\n\t\t\t\t\t<\/div>\n\t\t\t\t<\/div>\n\t\t<div data-particle_enable=\"false\" data-particle-mobile-disabled=\"false\" class=\"elementor-element elementor-element-435e9e7 e-flex e-con-boxed e-con e-parent\" data-id=\"435e9e7\" data-element_type=\"container\" data-settings=\"{&quot;background_background&quot;:&quot;classic&quot;,&quot;jet_parallax_layout_list&quot;:[]}\">\n\t\t\t\t\t<div class=\"e-con-inner\">\n\t\t\t\t<div class=\"elementor-element elementor-element-c636293 elementor-widget elementor-widget-heading\" data-id=\"c636293\" data-element_type=\"widget\" data-widget_type=\"heading.default\">\n\t\t\t\t<div class=\"elementor-widget-container\">\n\t\t\t\t\t<h2 class=\"elementor-heading-title elementor-size-default\">Le soin comme vocation : pourquoi devient-on soignant ?<\/h2>\t\t\t\t<\/div>\n\t\t\t\t<\/div>\n\t\t\t\t\t<\/div>\n\t\t\t\t<\/div>\n\t\t<div data-particle_enable=\"false\" data-particle-mobile-disabled=\"false\" class=\"elementor-element elementor-element-2645fcd e-flex e-con-boxed e-con e-parent\" data-id=\"2645fcd\" data-element_type=\"container\" data-settings=\"{&quot;jet_parallax_layout_list&quot;:[]}\">\n\t\t\t\t\t<div class=\"e-con-inner\">\n\t\t\t\t<div class=\"elementor-element elementor-element-94d65fb elementor-widget elementor-widget-text-editor\" data-id=\"94d65fb\" data-element_type=\"widget\" data-widget_type=\"text-editor.default\">\n\t\t\t\t<div class=\"elementor-widget-container\">\n\t\t\t\t\t\t\t\t\t<p data-start=\"1886\" data-end=\"2389\">\u00catre <strong data-start=\"1891\" data-end=\"1903\">soignant<\/strong>, c\u2019est bien plus qu\u2019exercer une profession. C\u2019est une mani\u00e8re d\u2019\u00eatre au monde. Beaucoup de soignants racontent un appel int\u00e9rieur : le besoin d\u2019aider, de r\u00e9parer, d\u2019\u00eatre utile.<br data-start=\"2080\" data-end=\"2083\" \/>Paul Ric\u0153ur d\u00e9crivait cette d\u00e9marche comme un acte de \u201csollicitude\u201d, qui relie compassion et justice : reconna\u00eetre dans l\u2019autre un semblable, m\u00eame dans sa vuln\u00e9rabilit\u00e9.<br data-start=\"2252\" data-end=\"2255\" \/>Le <strong data-start=\"2258\" data-end=\"2280\">m\u00e9tier de soignant<\/strong> se fonde sur une \u00e9thique du regard, sur la reconnaissance de la valeur inconditionnelle de la vie humaine.<\/p>\t\t\t\t\t\t\t\t<\/div>\n\t\t\t\t<\/div>\n\t\t\t\t\t<\/div>\n\t\t\t\t<\/div>\n\t\t<div data-particle_enable=\"false\" data-particle-mobile-disabled=\"false\" class=\"elementor-element elementor-element-2ec5702 e-flex e-con-boxed e-con e-parent\" data-id=\"2ec5702\" data-element_type=\"container\" data-settings=\"{&quot;background_background&quot;:&quot;classic&quot;,&quot;jet_parallax_layout_list&quot;:[]}\">\n\t\t\t\t\t<div class=\"e-con-inner\">\n\t\t\t\t<div class=\"elementor-element elementor-element-9e4a48d elementor-widget elementor-widget-heading\" data-id=\"9e4a48d\" data-element_type=\"widget\" data-widget_type=\"heading.default\">\n\t\t\t\t<div class=\"elementor-widget-container\">\n\t\t\t\t\t<h2 class=\"elementor-heading-title elementor-size-default\">L\u2019engagement des soignants face aux contraintes du m\u00e9tier<\/h2>\t\t\t\t<\/div>\n\t\t\t\t<\/div>\n\t\t\t\t\t<\/div>\n\t\t\t\t<\/div>\n\t\t<div data-particle_enable=\"false\" data-particle-mobile-disabled=\"false\" class=\"elementor-element elementor-element-b451c79 e-flex e-con-boxed e-con e-parent\" data-id=\"b451c79\" data-element_type=\"container\" data-settings=\"{&quot;jet_parallax_layout_list&quot;:[]}\">\n\t\t\t\t\t<div class=\"e-con-inner\">\n\t\t\t\t<div class=\"elementor-element elementor-element-e5330de elementor-widget elementor-widget-text-editor\" data-id=\"e5330de\" data-element_type=\"widget\" data-widget_type=\"text-editor.default\">\n\t\t\t\t<div class=\"elementor-widget-container\">\n\t\t\t\t\t\t\t\t\t<p data-start=\"2465\" data-end=\"2921\">Les <strong data-start=\"2469\" data-end=\"2490\">soignants engag\u00e9s<\/strong> se heurtent souvent \u00e0 des r\u00e9alit\u00e9s difficiles : surcharge de travail, manque de moyens, \u00e9puisement moral.<br data-start=\"2596\" data-end=\"2599\" \/>Pourtant, au c\u0153ur de ces contraintes, la <strong data-start=\"2640\" data-end=\"2662\">vocation soignante<\/strong> persiste. Elle se manifeste dans un mot, un geste, un sourire. Ces moments rappellent que <strong data-start=\"2753\" data-end=\"2810\">le soin est une relation avant d\u2019\u00eatre une performance<\/strong>.<br data-start=\"2811\" data-end=\"2814\" \/>Comme l\u2019\u00e9crivait Viktor Frankl : <em data-start=\"2847\" data-end=\"2919\">\u201cCelui qui a un pourquoi peut endurer presque n\u2019importe quel comment.\u201d<\/em><\/p>\t\t\t\t\t\t\t\t<\/div>\n\t\t\t\t<\/div>\n\t\t\t\t\t<\/div>\n\t\t\t\t<\/div>\n\t\t<div data-particle_enable=\"false\" data-particle-mobile-disabled=\"false\" class=\"elementor-element elementor-element-4fe8a47 e-flex e-con-boxed e-con e-parent\" data-id=\"4fe8a47\" data-element_type=\"container\" data-settings=\"{&quot;background_background&quot;:&quot;classic&quot;,&quot;jet_parallax_layout_list&quot;:[]}\">\n\t\t\t\t\t<div class=\"e-con-inner\">\n\t\t\t\t<div class=\"elementor-element elementor-element-3e934f7 elementor-widget elementor-widget-heading\" data-id=\"3e934f7\" data-element_type=\"widget\" data-widget_type=\"heading.default\">\n\t\t\t\t<div class=\"elementor-widget-container\">\n\t\t\t\t\t<h2 class=\"elementor-heading-title elementor-size-default\">Rencontrer la mort dans le soin : une \u00e9preuve et une source de sens<\/h2>\t\t\t\t<\/div>\n\t\t\t\t<\/div>\n\t\t\t\t\t<\/div>\n\t\t\t\t<\/div>\n\t\t<div data-particle_enable=\"false\" data-particle-mobile-disabled=\"false\" class=\"elementor-element elementor-element-21cc6fe e-flex e-con-boxed e-con e-parent\" data-id=\"21cc6fe\" data-element_type=\"container\" data-settings=\"{&quot;jet_parallax_layout_list&quot;:[]}\">\n\t\t\t\t\t<div class=\"e-con-inner\">\n\t\t\t\t<div class=\"elementor-element elementor-element-d2c9e3a elementor-widget elementor-widget-text-editor\" data-id=\"d2c9e3a\" data-element_type=\"widget\" data-widget_type=\"text-editor.default\">\n\t\t\t\t<div class=\"elementor-widget-container\">\n\t\t\t\t\t\t\t\t\t<p data-start=\"3007\" data-end=\"3449\">Tous les <strong data-start=\"3016\" data-end=\"3029\">soignants<\/strong> ne travaillent pas en fin de vie, mais chacun peut croiser la mort dans son parcours : un accident, une urgence, une limite du possible.<br data-start=\"3166\" data-end=\"3169\" \/>Ces exp\u00e9riences r\u00e9veillent la question du sens : pourquoi soigne-t-on, si l\u2019on ne peut pas toujours sauver ?<br data-start=\"3277\" data-end=\"3280\" \/>La <strong data-start=\"3283\" data-end=\"3309\">rencontre avec la mort<\/strong> ne d\u00e9finit pas le soin, mais elle en \u00e9claire la profondeur : elle rappelle que <strong data-start=\"3389\" data-end=\"3421\">soigner, c\u2019est servir la vie<\/strong>, m\u00eame lorsqu\u2019elle s\u2019\u00e9teint.<\/p><p data-start=\"3007\" data-end=\"3449\">Pour comprendre les diff\u00e9rentes situations de mort :\u00a0<\/p><ul><li data-start=\"3007\" data-end=\"3449\"><a href=\"https:\/\/www.lessurvivants.org\/soignant\/la-mort-brutale-et-inattendue\/\" target=\"_blank\" rel=\"noopener\">La mort brutale et inattendue<\/a><\/li><li data-start=\"3007\" data-end=\"3449\"><a href=\"https:\/\/www.lessurvivants.org\/soignant\/la-mort-post-intervention\/\" target=\"_blank\" rel=\"noopener\">La mort post-intervention<\/a><\/li><li data-start=\"3007\" data-end=\"3449\"><a href=\"https:\/\/www.lessurvivants.org\/soignant\/la-mort-par-maladie-contagieuse\/\" target=\"_blank\" rel=\"noopener\">La mort par maladie contagieuse<\/a><\/li><li data-start=\"3007\" data-end=\"3449\"><a href=\"https:\/\/www.lessurvivants.org\/soignant\/la-mort-par-decision-medicale\/\" target=\"_blank\" rel=\"noopener\">La mort par d\u00e9cision m\u00e9dicale<\/a><\/li><li data-start=\"3007\" data-end=\"3449\"><a href=\"https:\/\/www.lessurvivants.org\/soignant\/la-mort-attendue-pathologie-chroniqu\/\" target=\"_blank\" rel=\"noopener\">La mort attendue, pathologie chronique<\/a><\/li><li data-start=\"3007\" data-end=\"3449\"><a href=\"https:\/\/www.lessurvivants.org\/soignant\/la-mort-dun-proche-dun-collegue\/\" target=\"_blank\" rel=\"noopener\">La mort d&#8217;un proche<\/a>,\u00a0<\/li><li data-start=\"3007\" data-end=\"3449\"><a href=\"https:\/\/www.lessurvivants.org\/soignant\/la-mort-dun-collegue\/\" target=\"_blank\" rel=\"noopener\">La mort d&#8217;un coll\u00e8gue<\/a>,\u00a0<\/li><li data-start=\"3007\" data-end=\"3449\"><a href=\"https:\/\/www.lessurvivants.org\/soignant\/les-morts-personnels\/\" target=\"_blank\" rel=\"noopener\">Les morts personnelles<\/a><\/li><\/ul><p>\u00a0<\/p>\t\t\t\t\t\t\t\t<\/div>\n\t\t\t\t<\/div>\n\t\t\t\t<div class=\"elementor-element elementor-element-c7bc3b5 elementor-widget elementor-widget-text-editor\" data-id=\"c7bc3b5\" data-element_type=\"widget\" data-widget_type=\"text-editor.default\">\n\t\t\t\t<div class=\"elementor-widget-container\">\n\t\t\t\t\t\t\t\t\t<p>\u00catre <strong data-start=\"3478\" data-end=\"3490\">soignant<\/strong>, c\u2019est tenir une promesse faite \u00e0 la vie.<br data-start=\"3532\" data-end=\"3535\" \/>C\u2019est choisir d\u2019aider, d\u2019\u00e9couter, de rester humain malgr\u00e9 la souffrance et la mort.<br data-start=\"3618\" data-end=\"3621\" \/>Et c\u2019est dans cette fid\u00e9lit\u00e9 au vivant que r\u00e9side le v\u00e9ritable <strong data-start=\"3684\" data-end=\"3712\">engagement des soignants<\/strong>.<\/p>\t\t\t\t\t\t\t\t<\/div>\n\t\t\t\t<\/div>\n\t\t\t\t\t<\/div>\n\t\t\t\t<\/div>\n\t\t\t\t<\/div>\n\t\t","protected":false},"excerpt":{"rendered":"<p>Soignant, pourquoi ? Comprendre l\u2019engagement et la vocation des soignants Pourquoi devient-on soignant ? Qu\u2019est-ce qui pousse une personne \u00e0 se tourner vers l\u2019autre, \u00e0 soulager la souffrance, \u00e0 pr\u00e9server la vie, parfois m\u00eame \u00e0 accompagner la mort ?L\u2019engagement des soignants repose avant tout sur une vocation : celle d\u2019aider, de servir, d\u2019aimer l\u2019humain. \u00catre [&hellip;]<\/p>\n","protected":false},"author":1,"featured_media":0,"parent":0,"menu_order":0,"comment_status":"closed","ping_status":"closed","template":"","meta":{"footnotes":""},"categories":[7],"tags":[],"class_list":["post-1017","page","type-page","status-publish","hentry","category-espace-soignant"],"yoast_head":"<!-- This site is optimized with the Yoast SEO Premium plugin v25.5 (Yoast SEO v25.5) - https:\/\/yoast.com\/wordpress\/plugins\/seo\/ -->\n<title>Soignant pourquoi ? - Espace soignant<\/title>\n<meta name=\"description\" content=\"Comprendre ce qui pousse les soignants \u00e0 s\u2019engager : l\u2019humain, la vocation, la solidarit\u00e9, et le sens du soin.\" \/>\n<meta name=\"robots\" content=\"index, follow, max-snippet:-1, max-image-preview:large, max-video-preview:-1\" \/>\n<link rel=\"canonical\" href=\"https:\/\/www.lessurvivants.org\/soignant\/soignant-pourquoi\/\" \/>\n<meta property=\"og:locale\" content=\"fr_FR\" \/>\n<meta property=\"og:type\" content=\"article\" \/>\n<meta property=\"og:title\" content=\"Soignant pourquoi ?\" \/>\n<meta property=\"og:description\" content=\"Comprendre ce qui pousse les soignants \u00e0 s\u2019engager : l\u2019humain, la vocation, la solidarit\u00e9, et le sens du soin.\" \/>\n<meta property=\"og:url\" content=\"https:\/\/www.lessurvivants.org\/soignant\/soignant-pourquoi\/\" \/>\n<meta property=\"og:site_name\" content=\"Espace soignant\" \/>\n<meta property=\"article:modified_time\" content=\"2025-10-29T13:30:21+00:00\" \/>\n<meta name=\"twitter:card\" content=\"summary_large_image\" \/>\n<meta name=\"twitter:label1\" content=\"Dur\u00e9e de lecture estim\u00e9e\" \/>\n\t<meta name=\"twitter:data1\" content=\"2 minutes\" \/>\n<script type=\"application\/ld+json\" class=\"yoast-schema-graph\">{\"@context\":\"https:\/\/schema.org\",\"@graph\":[{\"@type\":\"WebPage\",\"@id\":\"https:\/\/www.lessurvivants.org\/soignant\/soignant-pourquoi\/\",\"url\":\"https:\/\/www.lessurvivants.org\/soignant\/soignant-pourquoi\/\",\"name\":\"Soignant pourquoi ? - Espace soignant\",\"isPartOf\":{\"@id\":\"https:\/\/www.lessurvivants.org\/soignant\/#website\"},\"datePublished\":\"2025-03-10T14:16:30+00:00\",\"dateModified\":\"2025-10-29T13:30:21+00:00\",\"description\":\"Comprendre ce qui pousse les soignants \u00e0 s\u2019engager : l\u2019humain, la vocation, la solidarit\u00e9, et le sens du soin.\",\"breadcrumb\":{\"@id\":\"https:\/\/www.lessurvivants.org\/soignant\/soignant-pourquoi\/#breadcrumb\"},\"inLanguage\":\"fr-FR\",\"potentialAction\":[{\"@type\":\"ReadAction\",\"target\":[\"https:\/\/www.lessurvivants.org\/soignant\/soignant-pourquoi\/\"]}]},{\"@type\":\"BreadcrumbList\",\"@id\":\"https:\/\/www.lessurvivants.org\/soignant\/soignant-pourquoi\/#breadcrumb\",\"itemListElement\":[{\"@type\":\"ListItem\",\"position\":1,\"name\":\"Accueil\",\"item\":\"https:\/\/www.lessurvivants.org\/soignant\/\"},{\"@type\":\"ListItem\",\"position\":2,\"name\":\"Soignant pourquoi ?\"}]},{\"@type\":\"WebSite\",\"@id\":\"https:\/\/www.lessurvivants.org\/soignant\/#website\",\"url\":\"https:\/\/www.lessurvivants.org\/soignant\/\",\"name\":\"Espace soignant\",\"description\":\"\",\"publisher\":{\"@id\":\"https:\/\/www.lessurvivants.org\/soignant\/#organization\"},\"potentialAction\":[{\"@type\":\"SearchAction\",\"target\":{\"@type\":\"EntryPoint\",\"urlTemplate\":\"https:\/\/www.lessurvivants.org\/soignant\/?s={search_term_string}\"},\"query-input\":{\"@type\":\"PropertyValueSpecification\",\"valueRequired\":true,\"valueName\":\"search_term_string\"}}],\"inLanguage\":\"fr-FR\"},{\"@type\":\"Organization\",\"@id\":\"https:\/\/www.lessurvivants.org\/soignant\/#organization\",\"name\":\"Espace soignant\",\"url\":\"https:\/\/www.lessurvivants.org\/soignant\/\",\"logo\":{\"@type\":\"ImageObject\",\"inLanguage\":\"fr-FR\",\"@id\":\"https:\/\/www.lessurvivants.org\/soignant\/#\/schema\/logo\/image\/\",\"url\":\"https:\/\/www.lessurvivants.org\/wp-content\/uploads\/2025\/03\/logo-final-les-survivants_Plan-de-travail-1.png\",\"contentUrl\":\"https:\/\/www.lessurvivants.org\/wp-content\/uploads\/2025\/03\/logo-final-les-survivants_Plan-de-travail-1.png\",\"caption\":\"Espace soignant\"},\"image\":{\"@id\":\"https:\/\/www.lessurvivants.org\/soignant\/#\/schema\/logo\/image\/\"}}]}<\/script>\n<!-- \/ Yoast SEO Premium plugin. -->","yoast_head_json":{"title":"Soignant pourquoi ? - Espace soignant","description":"Comprendre ce qui pousse les soignants \u00e0 s\u2019engager : l\u2019humain, la vocation, la solidarit\u00e9, et le sens du soin.","robots":{"index":"index","follow":"follow","max-snippet":"max-snippet:-1","max-image-preview":"max-image-preview:large","max-video-preview":"max-video-preview:-1"},"canonical":"https:\/\/www.lessurvivants.org\/soignant\/soignant-pourquoi\/","og_locale":"fr_FR","og_type":"article","og_title":"Soignant pourquoi ?","og_description":"Comprendre ce qui pousse les soignants \u00e0 s\u2019engager : l\u2019humain, la vocation, la solidarit\u00e9, et le sens du soin.","og_url":"https:\/\/www.lessurvivants.org\/soignant\/soignant-pourquoi\/","og_site_name":"Espace soignant","article_modified_time":"2025-10-29T13:30:21+00:00","twitter_card":"summary_large_image","twitter_misc":{"Dur\u00e9e de lecture estim\u00e9e":"2 minutes"},"schema":{"@context":"https:\/\/schema.org","@graph":[{"@type":"WebPage","@id":"https:\/\/www.lessurvivants.org\/soignant\/soignant-pourquoi\/","url":"https:\/\/www.lessurvivants.org\/soignant\/soignant-pourquoi\/","name":"Soignant pourquoi ? - Espace soignant","isPartOf":{"@id":"https:\/\/www.lessurvivants.org\/soignant\/#website"},"datePublished":"2025-03-10T14:16:30+00:00","dateModified":"2025-10-29T13:30:21+00:00","description":"Comprendre ce qui pousse les soignants \u00e0 s\u2019engager : l\u2019humain, la vocation, la solidarit\u00e9, et le sens du soin.","breadcrumb":{"@id":"https:\/\/www.lessurvivants.org\/soignant\/soignant-pourquoi\/#breadcrumb"},"inLanguage":"fr-FR","potentialAction":[{"@type":"ReadAction","target":["https:\/\/www.lessurvivants.org\/soignant\/soignant-pourquoi\/"]}]},{"@type":"BreadcrumbList","@id":"https:\/\/www.lessurvivants.org\/soignant\/soignant-pourquoi\/#breadcrumb","itemListElement":[{"@type":"ListItem","position":1,"name":"Accueil","item":"https:\/\/www.lessurvivants.org\/soignant\/"},{"@type":"ListItem","position":2,"name":"Soignant pourquoi ?"}]},{"@type":"WebSite","@id":"https:\/\/www.lessurvivants.org\/soignant\/#website","url":"https:\/\/www.lessurvivants.org\/soignant\/","name":"Espace soignant","description":"","publisher":{"@id":"https:\/\/www.lessurvivants.org\/soignant\/#organization"},"potentialAction":[{"@type":"SearchAction","target":{"@type":"EntryPoint","urlTemplate":"https:\/\/www.lessurvivants.org\/soignant\/?s={search_term_string}"},"query-input":{"@type":"PropertyValueSpecification","valueRequired":true,"valueName":"search_term_string"}}],"inLanguage":"fr-FR"},{"@type":"Organization","@id":"https:\/\/www.lessurvivants.org\/soignant\/#organization","name":"Espace soignant","url":"https:\/\/www.lessurvivants.org\/soignant\/","logo":{"@type":"ImageObject","inLanguage":"fr-FR","@id":"https:\/\/www.lessurvivants.org\/soignant\/#\/schema\/logo\/image\/","url":"https:\/\/www.lessurvivants.org\/wp-content\/uploads\/2025\/03\/logo-final-les-survivants_Plan-de-travail-1.png","contentUrl":"https:\/\/www.lessurvivants.org\/wp-content\/uploads\/2025\/03\/logo-final-les-survivants_Plan-de-travail-1.png","caption":"Espace soignant"},"image":{"@id":"https:\/\/www.lessurvivants.org\/soignant\/#\/schema\/logo\/image\/"}}]}},"_links":{"self":[{"href":"https:\/\/www.lessurvivants.org\/soignant\/wp-json\/wp\/v2\/pages\/1017","targetHints":{"allow":["GET"]}}],"collection":[{"href":"https:\/\/www.lessurvivants.org\/soignant\/wp-json\/wp\/v2\/pages"}],"about":[{"href":"https:\/\/www.lessurvivants.org\/soignant\/wp-json\/wp\/v2\/types\/page"}],"author":[{"embeddable":true,"href":"https:\/\/www.lessurvivants.org\/soignant\/wp-json\/wp\/v2\/users\/1"}],"replies":[{"embeddable":true,"href":"https:\/\/www.lessurvivants.org\/soignant\/wp-json\/wp\/v2\/comments?post=1017"}],"version-history":[{"count":9,"href":"https:\/\/www.lessurvivants.org\/soignant\/wp-json\/wp\/v2\/pages\/1017\/revisions"}],"predecessor-version":[{"id":2136,"href":"https:\/\/www.lessurvivants.org\/soignant\/wp-json\/wp\/v2\/pages\/1017\/revisions\/2136"}],"wp:attachment":[{"href":"https:\/\/www.lessurvivants.org\/soignant\/wp-json\/wp\/v2\/media?parent=1017"}],"wp:term":[{"taxonomy":"category","embeddable":true,"href":"https:\/\/www.lessurvivants.org\/soignant\/wp-json\/wp\/v2\/categories?post=1017"},{"taxonomy":"post_tag","embeddable":true,"href":"https:\/\/www.lessurvivants.org\/soignant\/wp-json\/wp\/v2\/tags?post=1017"}],"curies":[{"name":"wp","href":"https:\/\/api.w.org\/{rel}","templated":true}]}}